 x.
17
Suppose -2*r = r. Let z = r - 0. Let b = z - -9. List the prime factors of b.
3
Let s(i) be the second derivative of i**2 + 0 + 2*i - 1/3*i**3. List the prime factors of s(-3).
2
Suppose 19 = 6*o - 125. What are the prime factors of o?
2, 3
Suppose 0 = -3*l - 9, -6 = -j + l + 3. Let n = j + -3. List the prime factors of n.
3
Suppose -5*d + 5*h + 330 = 0, 0 = -3*d + 4*d + 2*h - 63. What are the prime factors of d?
5, 13
Suppose -i + 0*i = -5. Let x = 11 - i. Suppose -3*g + x = 3*f, -3*f + 18 = -2*g + g. What are the prime factors of f?
5
Suppose 0 = 5*k + 15, -2*k + 0 = 2*i + 2. List the prime factors of 3/6 - (-23)/i.
2, 3
Let v(d) = -d**3 + d**2 - 2. Suppose 0 = 4*x + a - 4, -3*a + 12 = x - 0*a. Suppose x*n + 4 = -2*n. What are the prime factors of v(n)?
2, 5
Suppose -27 = s + t, -2*s + 2*t = 44 + 2. Suppose -2*z + 3*m + 64 = m, 3*m = 12. Let k = s + z. What are the prime factors of k?
11
Suppose 152 = 3*o + o. Let s be o/(-9) + 2/9. What are the prime factors of -3*s*4/6?
2
Let b be 2/7 + (-58)/7. What are the prime factors of ((-26)/b)/((-3)/(-12))?
13
Let s(b) = b**3 - b + 3*b + 3*b**2 - 3*b - 3*b. List the prime factors of s(-3).
2, 3
Let s(p) = -p**3 - 2*p**2 + 5*p + 14. What are the prime factors of s(-7)?
2, 7
Suppose h + 207 = 5*b, 2*b + 0*b - 84 = h. List the prime factors of b.
41
Suppose -h - 3*n = 4*h - 806, -5*n + 10 = 0. List the prime factors of h.
2, 5
Suppose 19 = 4*r + 67. What are the prime factors of 64/6 + (-4)/r?
11
Let i(p) = p**3 + 2*p**2 - p - 1. What are the prime factors of i(3)?
41
Suppose -24 = -3*j - 9. Suppose -31 = t - 3*p, -12 = j*t - 2*p + 91. Let y = -13 - t. List the prime factors of y.
2, 3
Let u(y) = -3*y - 5. Let v be u(-7). Suppose -w = -4*m + 4, w + 4*m - 44 + v = 0. What are the prime factors of w?
2, 3
Suppose 2*v - 4*m - 138 = 4*v, 141 = -2*v - 5*m. Let p = 36 + v. List the prime factors of p/15*(-5)/1.
3
Suppose 3*q + q = 24. Suppose 3*v = 2*p - 0*p - q, -3*p + 10 = -5*v. List the prime factors of (-1 - p)/(3/(-39)).
13
Suppose -o = 2, x + 0*o = -2*o - 5. Let k be (4 + x)/((-12)/(-8)). What are the prime factors of ((-3)/2)/(k/(-4))?
3
Let l = 29 - -111. What are the prime factors of l?
2, 5, 7
Let f(r) = 4*r**2 - 2*r + 2. Suppose -5*b - 2*a + a + 13 = 0, 4*b + 4*a = 20. List the prime factors of f(b).
2, 7
Suppose 0*o - 23 = 4*o - 3*i, o = i - 6. List the prime factors of (-3 - o) + 0 + 9.
11
Suppose 0 = -4*m - 4*j + 8, 2*j - 10 = -3*m - 0*j. What are the prime factors of m?
2, 3
Let i(d) = -d**3 + 14*d**2 + 3*d - 14. List the prime factors of i(14).
2, 7
Suppose 16*w + 7*w = 9131. What are the prime factors of w?
397
Suppose 7*y - 238 = 266. List the prime factors of y.
2, 3
Suppose 0*j - 2*j + 8 = 0. Suppose -j*r + 12 = 4*m, 21 = 5*r - 0*r + 3*m. What are the prime factors of r?
2, 3
Suppose -2*h + 36 = g, -g + 4*h + 7 = -29. List the prime factors of g.
2, 3
List the prime factors of ((-16*1)/(-2))/((-11)/(-198)).
2, 3
Let s = -76 - -81. What are the prime factors of s?
5
Suppose -5*i + 0*i + 18 = 2*r, 4*r - 20 = -2*i. Suppose i*s = -0*s + 26. What are the prime factors of s?
13
Suppose -2*s = -217 - 71. What are the prime factors of s?
2, 3
Let s = 15 - -1. Suppose -3*c = o - s, 2*c + o - 5 - 6 = 0. Suppose c = -d + 16. List the prime factors of d.
11
Suppose -5*i + 450 = -2*i. What are the prime factors of (6/(-4))/((-45)/i)?
5
Let x = 5 - -13. What are the prime factors of x - -3*(-3)/9?
17
Let q(j) = -j**3 - 4*j**2 + 6*j - 3. Suppose 0 = -2*r + 2 - 14. What are the prime factors of q(r)?
3, 11
Let w(s) = 12*s + 3. What are the prime factors of w(2)?
3
Let g(b) = -8*b + 1. Let o be (-3)/(-9) - (-8)/(-6). What are the prime factors of g(o)?
3
Let x(n) = -n**3 - 6*n**2 + 4*n + 5. What are the prime factors of x(-7)?
2, 13
Suppose 2*i - 5*b = 3, 3*i - 5*b = -0*b + 7. Suppose -i*v + 12 + 12 = 0. Suppose v + 23 = 4*p - 5*h, -2*p = 2*h - 28. What are the prime factors of p?
11
Suppose 4*k + h = -16, -3*k + 4*h + 22 = -5*k. Let n(c) = c**3 + 4*c**2 - 4*c. List the prime factors of n(k).
3, 7
Let y(g) = g**3 + 7*g**2 + 8*g + 6. Let n(z) = 7 - 2*z + z - z. Let a be n(6). List the prime factors of y(a).
2
Suppose -2*x = -3*x. List the prime factors of x*(-3)/(-6) - -20.
2, 5
Let h(s) = 23*s + 4. What are the prime factors of h(2)?
2, 5
Suppose 1257 = 4*b + 229. What are the prime factors of b?
257
Let q be ((-5)/10)/(1/(-10)). Suppose -4*f + r + 12 = q*r, -2*f + 12 = -r. Suppose 3 = 2*d - f. What are the prime factors of d?
2
Suppose 0 = 12*x + 166 - 1558. What are the prime factors of x?
2, 29
Let q(i) = -10*i. Let n be q(-1). Suppose n = 3*k + 25, 100 = 4*m - 4*k. List the prime factors of m.
2, 5
Let a = -10 - -23. What are the prime factors of a?
13
Let q = -67 + 106. What are the prime factors of q?
3, 13
Let x(p) = 10*p - 1. What are the prime factors of x(5)?
7
Suppose -5*i + i - 48 = 0. Let q = 6 + i. Let m = q - -8. What are the prime factors of m?
2
What are the prime factors of 1/(-1 - -6) + 2532/15?
13
Let j = -17 + 24. Let r = j + -5. Let w = 10 - r. What are the prime factors of w?
2
Let l be 0*(-2 - -1)/(-1). Suppose -2*g = 0, l = -5*m + 3*g + 232 - 32. What are the prime factors of m?
2, 5
Suppose -a + 18 = -2*v + 796, -3*v - 4*a + 1189 = 0. List the prime factors of v.
17, 23
Let r = -84 + 93. List the prime factors of r.
3
Let o be 3/(1 + 1/2). Suppose 28 = 2*z + o*z. What are the prime factors of z?
7
Suppose 0 = -5*s - 2*k + 15, 5*k - 29 + 3 = -s. Let t(x) = 4*x - 4*x + 5*x - s. What are the prime factors of t(1)?
2
Let i(w) be the third derivative of -w**6/60 - w**5/60 + w**4/24 - w**3/3 + w**2. What are the prime factors of i(-2)?
2
Let h(r) = 2*r - 2*r - 5*r - 1 + 0. List the prime factors of h(-7).
2, 17
Let c(y) = -y**2 + 5*y + 193. What are the prime factors of c(0)?
193
Let r(j) = j**2 - 6*j + 15. What are the prime factors of r(-7)?
2, 53
Let d(q) = -q**2 - 5*q - 1. Let z be d(-4). Suppose -z*n + 19 = -i, n + 5*i = -3*n + 19. What are the prime factors of n?
2, 3
Suppose -a + 5*a - 128 = 0. List the prime factors of a.
2
Suppose -2*d - 6698 = -4*c, -d = 2*c + d - 3352. Suppose 2*u - 7*u - c = 0. List the prime factors of u/(-20) + 1/4.
17
Let u(f) = 4*f**2 - 3*f. Let d be u(2). Suppose 4*i = d + 2. Let p = 7 + i. What are the prime factors of p?
2, 5
Let u(z) = -z**2 + 7*z + 1. Let m be u(3). Suppose -m = -x + 9. List the prime factors of x.
2, 11
Let l(i) be the third derivative of -i**4/24 + 5*i**3/6 + i**2. Let o be l(6). List the prime factors of (22/4)/(o/(-2)).
11
Let f(t) = t**2 + 4*t - 3. Let i(b) = b - 12. Let p be i(6). What are the prime factors of f(p)?
3
Let y be (170/15)/((-4)/(-6)). Let i = y + -10. What are the prime factors of i?
7
Let v = -94 + 37. Let b = v - -96. List the prime factors of b.
3, 13
Suppose -4*n - n = 0. Suppose 0 = -5*x + 4*z + 17, -z - 2 + 4 = n. What are the prime factors of x?
5
Let f be 6/27 - (-112)/(-18). Let a = 29 + f. List the prime factors of a.
23
List the prime factors of (-5)/((-10)/12)*(-32)/(-6).
2
Let d(m) = 10*m - 7. List the prime factors of d(1).
3
Suppose -3*s + 6 = 2*j, 2*s = 4*j + 4*s + 4. What are the prime factors of 3*-3*j/9?
3
Let w(k) = -2*k**2 + 5*k - 9. Let t(h) = -2*h**2 + 6*h - 9. Let u(p) = -3*t(p) + 2*w(p). List the prime factors of u(5).
19
List the prime factors of -1*(-1)/1 - -23.
2, 3
Let a(s) be the third derivative of -5*s**4/24 + s**3/6 - 2*s**2. What are the prime factors of a(-1)?
2, 3
Suppose 6*a + 76 = 4*p + 2*a, 4*p + 3*a = 41. List the prime factors of p/35 - 123/(-5).
5
Let i(f) = 8 + 0 + 2 - 6*f - f**2. Let v be i(-8). Let n = -4 - v. List the prime factors of n.
2
Suppose 3*a - 12 = -4*u, 5*u - a = 2*a + 15. Suppose -163 = -u*r - 34. List the prime factors of r.
43
Let q(x) = x**3 + x**2 + x. Let v be q(0). Let k = v - -7. What are the prime factors of k?
7
Let s(z) = z**2 + 6. List the prime factors of s(5).
31
Let q = 1 - 13. Let p be (q/15)/(6/(-45)). Suppose 2*v + 24 = p*v. What are the prime factors of v?
2, 3
Suppose 16 = -4*f + 6*f. Let r = -2 - -2. Suppose j = -r + f. What are the prime factors of j?
2
Suppose -3*q + 68 = q. Let s = q + -5. What are the prime factors of s?
2, 3
Let t(q) = 3*q - 7*q + q**2 + 3 - 3*q. Let a be -4*(-2 + 0/2). What are the prime factors of t